 factors of a?
13, 19, 59
Suppose 5*r - 12 = -4*y - 8, -3*y - 2*r + 10 = 0. Suppose y*w - 12720 = -9*w. List the prime factors of w.
2, 53
Let g = -279 - -479. Let x be 78/18 + (-16)/12. Suppose -3*y = -3*j - 294, x*y - 5*y + g = 2*j. What are the prime factors of y?
3, 11
Suppose -3*b + 5*u = 128, 4*b - 5*b + u - 40 = 0. List the prime factors of (((-214)/6)/(-1))/((-3)/b).
2, 107
Let k = -365 - -370. Let v(h) = 4*h**3 - 8*h**2 + 15*h - 10. What are the prime factors of v(k)?
5, 73
Suppose -144*n + 84725 + 3022507 = 0. List the prime factors of n.
2, 10789
Suppose 14*h = -12*h + 52. List the prime factors of ((-3429)/45)/(h - (-62)/(-30)).
3, 127
Let n(z) = -20*z - 51 - 49 + 80. Let h(j) = -j**3 - 7*j**2 + 10*j + 11. Let k be h(-8). List the prime factors of n(k).
2, 5
List the prime factors of 16/1 - (-2905320)/310.
2, 2347
Suppose -4*h = -5*k + 4069, 4*k = h + 1994 + 1259. Suppose -3*d = -k - 258. List the prime factors of d.
3, 7, 17
Suppose 43*j - 4*j - 121661 = 507799. List the prime factors of j.
2, 3, 5, 269
List the prime factors of 5 + (-3 - 3) + (-4434)/(-6).
2, 3, 41
Let k be 4542/9*(0 + (-15)/(-5)). Suppose -10*d = -13*d + 6, -2*f = 3*d - k. List the prime factors of f.
2, 13, 29
Let r = 3485 - -6801. What are the prime factors of r?
2, 37, 139
Let i be 8 + -3 - 5 - (-171)/(-1). Let n = i - 183. List the prime factors of (-9)/(-18) - n/4.
89
Suppose 13*l - 1812 - 556 = 167. List the prime factors of l.
3, 5, 13
Let s = 37147 + -1293. List the prime factors of s.
2, 7, 13, 197
Suppose 15*y - 280092 = 3*y. What are the prime factors of y/17 - 2*-2?
3, 17
Let k be 6/9 - (2 - (-35)/3). Let a = -6 - k. Suppose 0 = -a*m + 11*m - 80. What are the prime factors of m?
2, 5
Suppose -52327 = -5*l + 36313. Suppose l = -70*c + 86*c. What are the prime factors of c?
2, 277
Suppose 0 = 6*h + 5*h + 605. Let i = 69 - h. List the prime factors of i.
2, 31
What are the prime factors of (307428/(-16))/(84/(-224))?
2, 11, 17, 137
What are the prime factors of -2*(-3)/(-8) - 82875/(-100)?
2, 3, 23
Suppose 0 = 2*k - 155*j + 156*j - 12762, -4*j = -16. What are the prime factors of k?
6379
Let w = 102 + -100. Suppose w*i = -i + 3129. Suppose -2*o = 2*v + v - 629, 5*v + 2*o = i. What are the prime factors of v?
3, 23
Suppose 4*l = 22*l - 90. Suppose 572 - 2987 = -l*k. List the prime factors of k.
3, 7, 23
List the prime factors of (6708/15 - -2)/(2584/860 + -3).
2, 43, 1123
Suppose 0 = -5*x - 4*h + 9, x + 4*x = 3*h + 2. Let k = x + 4. Suppose -96 = -2*d + 4*l + 62, 5*d + k*l = 425. What are the prime factors of d?
83
Suppose 4*x - 22 = -2*g, 0 = -g - g + 3*x - 6. Suppose g*s - 1792 = 371. List the prime factors of s.
7, 103
Suppose -27*m + 14 = -34*m. What are the prime factors of (2/m)/(-5*3/2430)?
2, 3
Let a(x) be the second derivative of x**6/720 + 7*x**5/40 + 2*x**4 + x. Let q(r) be the third derivative of a(r). What are the prime factors of q(16)?
37
Let i(b) = -7*b**3 + 6*b**2 - 101*b + 522. What are the prime factors of i(-19)?
2, 3, 5, 877
Let w be (-2)/9 + 4*(-20)/(-36). Suppose -w*x + 0*o - 4*o = 0, -9 = -5*x - o. Suppose 0 = -4*u - c + 250, 0 = 3*u + c - x*c - 184. List the prime factors of u.
2, 31
Let a be -240 - (-1 + -3)/1. Let k = -166 - a. Suppose -k*d + 73*d - 420 = 0. What are the prime factors of d?
2, 5, 7
Let i(v) be the first derivative of -v**2 - 3*v - 35. Let l be i(-5). Suppose -l*u + 1260 = 5*u. List the prime factors of u.
3, 5, 7
Suppose 5*b = 3*w - 25, -11 = 2*b - 4*b - 3*w. Let o be 6/(-2) - 815/(-3 + b). Suppose -2*s + 41 = 2*n + 3*n, n = -5*s + o. List the prime factors of s.
3, 11
Let f = -69 - -65. Let t = -1 + 3. What are the prime factors of (t/f)/(4/(-232))?
29
Let t = 165 + -84. Let n = -77 + t. Let h = 174 - n. What are the prime factors of h?
2, 5, 17
Let w(h) = 93*h**2 + 8*h + 152. What are the prime factors of w(11)?
3, 1277
Let k = -7049 - -7025. Suppose -4*n + 5*n - 118 = 0. Let i = n - k. What are the prime factors of i?
2, 71
Suppose 4*p + 2*p - 870 = 0. Let b = p + -82. Let x = -23 + b. What are the prime factors of x?
2, 5
Let b(i) = -15*i**3 - 16*i**2 - 58*i - 285. List the prime factors of b(-10).
3, 5, 11, 83
Let p(o) = -o**2 + 3*o. Let h be p(2). Suppose 0 = h*r - 6*r + y - 1, 0 = -3*r - y + 1. Let x(q) = 6*q + 156. List the prime factors of x(r).
2, 3, 13
Let t(y) = -3957*y + 102. Let s be t(2). List the prime factors of 20/(-6)*(s/(-20))/(-1).
2, 3, 7, 31
Suppose -54*c = -61*c - 658. List the prime factors of 1/1 + (-1 - 2*c).
2, 47
Suppose -74*q + 108868 = -70*q + g, -q = g - 27214. What are the prime factors of q?
2, 31, 439
Suppose -159311 = -2*u - p, 30*p - 35*p = -5*u + 398225. List the prime factors of u.
2, 19913
Let h = -823 - -3741. List the prime factors of h.
2, 1459
Suppose -2*g = b + 44 + 97, 145 = -b + 2*g. List the prime factors of (-2)/11 - 60086/b.
2, 3, 5, 7
Let o(r) = -3*r**2 - 8*r + 8*r**2 - 4*r**2 - 18. Let q be o(10). Suppose 4*w = -3*p + 165, -4*p + 246 = -q*w + 4. List the prime factors of p.
59
What are the prime factors of (-13 - -13) + -5 + 1803?
2, 29, 31
Let o(j) = -5 + 0 - 2*j**2 + 0*j**3 - 4*j**3 + 3*j**3. Let t be o(-3). Suppose 2*k + 219 = -t*w + 801, 0 = 4*k - 4. List the prime factors of w.
5, 29
Let p be (8/32)/(1 - 54/56). Let y be 0 + p/((-7)/2). List the prime factors of -1 + y + 250 + -4.
3
Let r = 12641 - 2608. List the prime factors of r.
79, 127
Suppose -u = 3*u + 84. Suppose 0 = 11*g - 16*g - 25, 3*g = q + 19. Let s = u - q. What are the prime factors of s?
13
Suppose 11*h + 86 = 2*h + 88727. What are the prime factors of h?
3, 7, 67
Suppose o + 4*s = -31, -3*s - 84 = 4*o - 12. List the prime factors of -2*(-2 - 18)*o/(-2).
2, 3, 5
Suppose 4*v + x - 149417 + 30177 = 0, -2*v - x + 59618 = 0. What are the prime factors of v?
3, 19, 523
Suppose 9*m - 30 = -m. Suppose 3*b = -15, b - m*b = -5*i + 3005. List the prime factors of i.
599
Let h(b) = b**2 - 20*b + 101. Let i be h(8). Suppose -i*r + 3255 - 760 = 0. What are the prime factors of r?
499
Suppose -b - 100*y = -95*y - 43125, 5*y = -3*b + 129415. What are the prime factors of b?
5, 8629
Suppose 13*r - 35*r + 2050 = 28*r. Let n(g) = -g**3 - g**2 - g + 23. Let k be n(0). Suppose 4*a - r - k = 0. List the prime factors of a.
2
Let s(w) = -3*w + 2. Let f(r) be the first derivative of -6*r**2 + 8*r + 4. Let g(m) = 6*f(m) - 22*s(m). List the prime factors of g(-15).
2, 47
Let f = -8917 + 15485. What are the prime factors of f?
2, 821
Suppose -59*h = -181*h + 801662. What are the prime factors of h?
6571
Suppose 0 = 3*o - 87 - 93. Suppose -66 = -2*q - o. Suppose 295 = q*n + r, -2*n + 4*r + 7 + 199 = 0. What are the prime factors of n?
3, 11
Suppose -86*p + 118*p - 287552 = 0. What are the prime factors of p?
2, 4493
Let g = -2307 - -8030. What are the prime factors of g?
59, 97
Suppose 24*y - 16*y - 134376 = 26616. List the prime factors of y.
2, 3, 13, 43
List the prime factors of 8003 + 1 + (3 - (4 + 4)).
19, 421
Let p = -111 + 124. Let a = 2 + p. List the prime factors of (576/a)/(3/10).
2
Let v = 136 - 134. List the prime factors of 63 + ((-12)/(-18))/(v/(-12)).
59
Suppose -5*b = -2*w - 0*w + 64, -27 = -w + 5*b. Let f = -38 + w. List the prime factors of (-8 - -26)*(-1)/(-1 + f).
3
Let r(s) = -s**3 + 9*s**2 + 11*s - 3. Let l be r(10). Suppose l*z + 411 = 61. Let m = -18 - z. What are the prime factors of m?
2
Suppose -208*u - 93 = -205*u. Let i = u + 333. What are the prime factors of i?
2, 151
Let c(f) = 17*f - 3. Let k be c(9). Let w be ((-12)/20 + 3)*k/(-4). What are the prime factors of ((-144)/w)/((-4)/(-50) + 0)?
2, 5
Let p = 1 + -5. Let r(m) = -16*m - 2. List the prime factors of r(p).
2, 31
Suppose 5*r - 25 = 4*w - 1, 12 = 2*r - 4*w. Suppose -r*p = -162 - 334. What are the prime factors of p?
2, 31
Let c = 54 - 57. Let a be (-7 - c)*(-4 - -3). Suppose 3*u = -h + 97, -8*u - 16 = -a*u. List the prime factors of h.
109
Let s(v) = 7*v**2 - 15*v - 8. Let q be s(14). Suppose 0 = -10*y + 8984 - q. What are the prime factors of y?
3, 29
What are the prime factors of (2664/777)/(1/2569)?
2, 3, 367
Let c = 665 - 660. Suppose 0 = -c*y + 5*b + 5070, 4*b - 1002 = -y - b. What are the prime factors of y?
2, 11, 23
Suppose -2*d = g - 61, 9*g - 138 = 7*g + 4*d. Suppose -3*p - g = -4*i + 2*p, p + 45 = 4*i. List the 